 7
List the prime factors of 5240.
2, 5, 131
List the prime factors of 847.
7, 11
List the prime factors of 9697.
9697
List the prime factors of 5991.
3, 1997
What are the prime factors of 4607?
17, 271
List the prime factors of 1406.
2, 19, 37
List the prime factors of 134633.
31, 43, 101
What are the prime factors of 38471?
17, 31, 73
List the prime factors of 8180.
2, 5, 409
List the prime factors of 124143.
3, 41381
What are the prime factors of 2510?
2, 5, 251
List the prime factors of 27520.
2, 5, 43
What are the prime factors of 55177?
23, 2399
What are the prime factors of 294?
2, 3, 7
What are the prime factors of 3408?
2, 3, 71
What are the prime factors of 29424?
2, 3, 613
What are the prime factors of 47626?
2, 23813
List the prime factors of 44669.
19, 2351
List the prime factors of 912.
2, 3, 19
What are the prime factors of 58747?
13, 4519
What are the prime factors of 631?
631
List the prime factors of 9566.
2, 4783
List the prime factors of 16141.
16141
What are the prime factors of 12294?
2, 3, 683
List the prime factors of 16534.
2, 7, 1181
What are the prime factors of 104331?
3, 83, 419
What are the prime factors of 11671?
11, 1061
List the prime factors of 3090.
2, 3, 5, 103
List the prime factors of 546.
2, 3, 7, 13
List the prime factors of 925.
5, 37
List the prime factors of 34043.
59, 577
What are the prime factors of 3265?
5, 653
What are the prime factors of 14874?
2, 3, 37, 67
What are the prime factors of 1192?
2, 149
What are the prime factors of 35722?
2, 53, 337
What are the prime factors of 2578?
2, 1289
List the prime factors of 185481.
3, 37, 557
What are the prime factors of 2269?
2269
What are the prime factors of 2891?
7, 59
List the prime factors of 17014.
2, 47, 181
What are the prime factors of 1006?
2, 503
What are the prime factors of 1659?
3, 7, 79
What are the prime factors of 82738?
2, 41, 1009
What are the prime factors of 1062?
2, 3, 59
List the prime factors of 990.
2, 3, 5, 11
List the prime factors of 2460.
2, 3, 5, 41
List the prime factors of 2243.
2243
What are the prime factors of 37140?
2, 3, 5, 619
What are the prime factors of 44514?
2, 3, 2473
List the prime factors of 9240.
2, 3, 5, 7, 11
What are the prime factors of 44066?
2, 11, 2003
What are the prime factors of 7416?
2, 3, 103
What are the prime factors of 34595?
5, 11, 17, 37
What are the prime factors of 1125?
3, 5
List the prime factors of 4014.
2, 3, 223
What are the prime factors of 23456?
2, 733
What are the prime factors of 3565?
5, 23, 31
List the prime factors of 5217.
3, 37, 47
What are the prime factors of 6800?
2, 5, 17
What are the prime factors of 4316?
2, 13, 83
What are the prime factors of 4828?
2, 17, 71
List the prime factors of 13502.
2, 43, 157
List the prime factors of 3561.
3, 1187
What are the prime factors of 117091?
13, 9007
What are the prime factors of 11281?
29, 389
What are the prime factors of 12877?
79, 163
What are the prime factors of 126?
2, 3, 7
List the prime factors of 14147.
7, 43, 47
List the prime factors of 9718.
2, 43, 113
List the prime factors of 5772.
2, 3, 13, 37
List the prime factors of 3778.
2, 1889
List the prime factors of 3759.
3, 7, 179
List the prime factors of 38132.
2, 9533
What are the prime factors of 1851?
3, 617
List the prime factors of 1930.
2, 5, 193
What are the prime factors of 30997?
139, 223
What are the prime factors of 99?
3, 11
What are the prime factors of 4168?
2, 521
What are the prime factors of 28015?
5, 13, 431
List the prime factors of 45556.
2, 7, 1627
List the prime factors of 1654.
2, 827
What are the prime factors of 8262?
2, 3, 17
What are the prime factors of 568?
2, 71
What are the prime factors of 1372?
2, 7
What are the prime factors of 1245?
3, 5, 83
List the prime factors of 1082.
2, 541
List the prime factors of 6790.
2, 5, 7, 97
List the prime factors of 2692.
2, 673
What are the prime factors of 1196?
2, 13, 23
What are the prime factors of 3195?
3, 5, 71
What are the prime factors of 24601?
73, 337
What are the prime factors of 34145?
5, 6829
List the prime factors of 9358.
2, 4679
List the prime factors of 6339.
3, 2113
What are the prime factors of 783?
3, 29
What are the prime factors of 5280?
2, 3, 5, 11
What are the prime factors of 11024?
2, 13, 53
What are the prime factors of 7622?
2, 37, 103
What are the prime factors of 796?
2, 199
What are the prime factors of 195?
3, 5, 13
List the prime factors of 40752.
2, 3, 283
List the prime factors of 3277.
29, 113
List the prime factors of 8122.
2, 31, 131
List the prime factors of 18977.
7, 2711
What are the prime factors of 4367?
11, 397
What are the prime factors of 9398?
2, 37, 127
What are the prime factors of 2832?
2, 3, 59
What are the prime factors of 294?
2, 3, 7
What are the prime factors of 110366?
2, 139, 397
What are the prime factors of 644?
2, 7, 23
List the prime factors of 324.
2, 3
What are the prime factors of 2469?
3, 823
What are the prime factors of 1346?
2, 673
What are the prime factors of 12448?
2, 389
What are the prime factors of 776?
2, 97
List the prime factors of 1294.
2, 647
What are the prime factors of 179?
179
List the prime factors of 386.
2, 193
List the prime factors of 2025.
3, 5
List the prime factors of 2412.
2, 3, 67
List the prime factors of 3659.
3659
What are the prime factors of 3042?
2, 3, 13
List the prime factors of 890.
2, 5, 89
List the prime factors of 28337.
43, 659
What are the prime factors of 8817?
3, 2939
What are the prime factors of 6069?
3, 7, 17
List the prime factors of 120727.
23, 29, 181
What are the prime factors of 1664?
2, 13
What are the prime factors of 772?
2, 193
What are the prime factors of 8765?
5, 1753
List the prime factors of 3807.
3, 47
List the prime factors of 139139.
7, 11, 13, 139
What are the prime factors of 151457?
311, 487
List the prime factors of 6094.
2, 11, 277
List the prime factors of 7898.
2, 11, 359
What are the prime factors of 500?
2, 5
What are the prime factors of 73111?
113, 647
List the prime factors of 34856.
2, 4357
List the prime factors of 69660.
2, 3, 5, 43
List the prime factors of 140502.
2, 3, 23417
List the prime factors of 52765.
5, 61, 173
List the prime factors of 301.
7, 43
List the prime factors of 14607.
3, 541
List the prime factors of 17247.
3, 5749
List the prime factors of 72699.
3, 11, 2203
List the prime factors of 1761.
3, 587
What are the prime factors of 1720?
2, 5, 43
What are the prime factors of 6173?
6173
What are the prime factors of 42732?
2, 3, 1187
List the prime factors of 9468.
2, 3, 263
List the prime factors of 34296.
2, 3, 1429
List the prime factors of 236.
2, 59
What are the prime factors of 21790?
2, 5, 2179
List the prime factors of 45035.
5, 9007
List the prime factors of 150826.
2, 13, 5801
List the prime factors of 266.
2, 7, 19
What are the prime factors of 16436?
2, 7, 587
What are the prime factors of 3609?
3, 401
List the prime factors of 111172.
2, 27793
List the prime factors of 2186.
2, 1093
List the prime factors of 18615.
3, 5, 17, 73
List the prime factors of 51010.
2, 5, 5101
What are the prime factors of 2055?
3, 5, 137
List the prime factors of 20362.
2, 10181
List the prime factors of 1423.
1423
What are the prime factors of 3525?
3, 5, 47
What are the prime factors of 4156?
2, 1039
List the prime factors of 91108.
2, 22777
What are the prime factors of 3933?
3, 19, 23
List the prime factors of 2460.
2, 3, 5, 41
What are the prime factors of 3645?
3, 5
List the prime factors of 16911.
3, 1879
List the prime factors of 21298.
2, 23, 463
What are the prime factors of 1297?
1297
List the prime factors of 716.
2, 179
What are the prime factors of 68776?
2, 8597
List the prime factors of 25430.
2, 5, 2543
What are the prime factors of 1070?
2, 5, 107
List the prime factors of 799.
17, 47
What are the prime factors of 2982?
2, 3, 7, 71
What are the prime factors of 42428?
2, 10607
What are the prime factors of 49961?
47, 1063
List the prime factors of 3776.
2, 59
List the prime factors of 1178.
2, 19, 31
List the prime factors of 20794.
2, 37, 281
What are the prime factors of 421?
421
List the prime factors of 164.
2, 41
What are the prime factors of 80074?
2, 40037
List the prime factors of 9510.
2, 3, 5, 317
What are the prime f